actor of 372 and 10323124.
124
What is the greatest common factor of 18654 and 33246?
6
What is the highest common factor of 138 and 396610298?
46
Calculate the highest common factor of 416 and 7816367.
13
Calculate the highest common factor of 13473730 and 1510.
1510
Calculate the highest common factor of 22464963 and 344.
43
Calculate the greatest common factor of 812 and 30025912.
28
What is the highest common factor of 79395 and 319555?
395
Calculate the highest common divisor of 162 and 18600759.
81
Calculate the highest common factor of 345527 and 12285.
91
What is the highest common factor of 300456323 and 32308?
8077
What is the highest common divisor of 1677 and 3294273?
129
Calculate the greatest common divisor of 287917767 and 270.
27
What is the highest common factor of 3834 and 501012?
54
Calculate the highest common factor of 157155 and 93.
3
What is the greatest common factor of 7371834 and 15394?
86
Calculate the greatest common factor of 11 and 991935142.
11
What is the greatest common factor of 57687 and 516600?
861
Calculate the greatest common factor of 53045 and 10123355.
515
What is the highest common factor of 784 and 6356378?
98
What is the highest common divisor of 2090 and 186409?
19
What is the greatest common factor of 53674985 and 460?
115
Calculate the highest common factor of 72330360 and 280.
40
What is the greatest common factor of 111618 and 20290626?
954
Calculate the greatest common factor of 31166671 and 916.
229
What is the greatest common factor of 1891206 and 168?
6
Calculate the greatest common divisor of 243 and 608472.
243
Calculate the highest common factor of 13242858 and 6.
6
What is the highest common factor of 617 and 1298009431?
617
What is the greatest common divisor of 1188 and 5618592?
108
What is the highest common divisor of 1067 and 43855543?
97
Calculate the highest common divisor of 222690854 and 582.
194
What is the greatest common factor of 339 and 365655?
3
What is the greatest common divisor of 41 and 1523683?
41
What is the greatest common factor of 182721 and 31866?
339
What is the highest common factor of 282 and 1545209553?
141
Calculate the highest common factor of 435 and 2622120.
15
What is the highest common divisor of 2979 and 712593?
9
Calculate the greatest common divisor of 170104015 and 10.
5
What is the greatest common factor of 430 and 24231446?
86
Calculate the greatest common factor of 6612 and 34590678.
3306
Calculate the highest common factor of 277335 and 16035.
15
What is the highest common factor of 915 and 49897085?
305
Calculate the highest common factor of 181 and 144737374.
181
Calculate the greatest common divisor of 224294 and 73374.
14
What is the highest common divisor of 222 and 35149371?
111
What is the highest common factor of 62428095 and 7245?
1035
What is the highest common divisor of 58 and 103988548?
58
What is the greatest common factor of 96078193 and 1289?
1289
What is the highest common factor of 371169 and 22368?
699
Calculate the highest common factor of 5870009 and 1077.
359
What is the greatest common divisor of 8072 and 27592?
8
Calculate the highest common factor of 35412 and 872.
4
What is the highest common factor of 53938 and 69504?
362
Calculate the greatest common factor of 100 and 614450.
50
Calculate the greatest common divisor of 1212 and 2091508.
404
Calculate the greatest common divisor of 5954082 and 1182.
6
Calculate the greatest common factor of 8396905 and 5.
5
What is the greatest common factor of 54568612 and 1988?
1988
Calculate the greatest common factor of 388213 and 4807043.
1789
What is the highest common factor of 31492980 and 45?
45
Calculate the highest common factor of 98647647 and 63.
21
What is the greatest common divisor of 5417400 and 32280?
120
What is the highest common factor of 84874412 and 1484?
1484
What is the greatest common divisor of 187 and 250448?
11
Calculate the highest common divisor of 15931 and 507211.
89
What is the greatest common factor of 14995 and 1273?
1
Calculate the highest common divisor of 638147588 and 52.
52
What is the highest common factor of 247946921 and 3988?
997
What is the highest common factor of 100533794 and 449?
449
What is the highest common factor of 14638042 and 1592?
398
Calculate the greatest common factor of 661021 and 564563.
2837
Calculate the greatest common divisor of 738 and 9221112.
18
Calculate the highest common divisor of 669904 and 19600.
16
Calculate the greatest common factor of 930 and 401513550.
930
Calculate the greatest common divisor of 762285 and 443220.
1335
What is the greatest common factor of 15522 and 920928021?
7761
Calculate the highest common factor of 1674 and 2000988.
558
What is the highest common factor of 14508 and 3518892?
468
Calculate the greatest common divisor of 1251 and 17274069.
9
Calculate the greatest common divisor of 29545 and 174249.
19
Calculate the greatest common divisor of 28242 and 22270386.
3138
What is the highest common factor of 295421 and 106232?
49
What is the highest common factor of 760158 and 10206?
378
What is the highest common divisor of 45 and 753990885?
45
What is the highest common factor of 2989458458 and 10822?
10822
What is the greatest common divisor of 1301772 and 249?
249
Calculate the highest common divisor of 23501866 and 25072.
3134
What is the highest common divisor of 3402 and 6975486?
126
What is the highest common factor of 28769 and 388591735?
2213
What is the greatest common divisor of 847830 and 4248?
354
What is the greatest common factor of 3015399 and 3?
3
Calculate the greatest common divisor of 51111972 and 55188.
7884
Calculate the greatest common divisor of 97486 and 4266.
158
Calculate the highest common factor of 26426285 and 4574.
2287
Calculate the highest common divisor of 7304 and 670723.
83
What is the highest common divisor of 586215 and 34965?
315
Calculate the highest common divisor of 224444128 and 1.
1
What is the greatest common factor of 14816 and 767191?
463
Calculate the highest common divisor of 1127646 and 30.
6
Calculate the highest common factor of 20448 and 23376324.
852
What is the highest common factor of 8549 and 6449036?
103
What is the greatest common divisor of 7105848 and 171?
57
Calculate the greatest common divisor of 231952 and 123824.
1744
Calculate the greatest common divisor of 10812 and 52634088.
636
What is the greatest common factor of 296747 and 41130254?
5599
What is the highest common factor of 13432 and 341786?
146
Calculate the highest common divisor of 2526784 and 136.
8
What is the greatest common factor of 24021 and 127908?
153
What is the highest common factor of 797326 and 1421?
29
What is the highest common divisor of 88126 and 100?
2
Calculate the greatest common divisor of 5060 and 8853298.
46
Calculate the highest common factor of 1741124 and 2464.
308
Calculate the highest common factor of 2090 and 237887771.
209
Calculate the highest common factor of 11596360 and 10720.
2680
What is the greatest common factor of 4637872 and 11033?
1003
Calculate the greatest common divisor of 104691 and 4062.
3
What is the greatest common factor of 30 and 34597110?
30
Calculate the greatest common factor of 2080313 and 2.
1
What is the highest common divisor of 124819170 and 2870?
2870
What is the greatest common factor of 54910 and 159410?
190
What is the highest common factor of 37106 and 562?
2
What is the highest common divisor of 162 and 4017276?
162
What is the highest common divisor of 15714 and 65218338?
5238
Calculate the highest common divisor of 9073 and 1180123.
211
Calculate the highest common divisor of 44404 and 612.
68
What is the greatest common factor of 20921274 and 1782?
594
What is the highest common factor of 195 and 549789201?
39
Calculate the highest common divisor of 3204 and 7996116.
1068
Calculate the greatest common divisor of 27976 and 10261576.
104
What is the greatest common divisor of 35895 and 12589573?
2393
What is the highest common divisor of 19377864 and 129?
129
Calculate the highest common divisor of 52 and 52840918.
26
What is the greatest common divisor of 18549 and 2603583?
81
What is the greatest common divisor of 252 and 126628?
4
What is the highest common factor of 8226 and 7164?
18
What is t